et z be ((-72)/1)/(-3) + 0. Suppose -105 = 4*t + t. Let u = -5 - t. Calculate the highest common factor of u and z.
8
Let z = -32 - -80. What is the highest common divisor of 128 and z?
16
Let n(u) = -3*u - 1. Let q be n(-2). Suppose 0 = -3*z - 2*z - 15, 0 = -5*b - z - 3. Suppose 1 = r - b*r. What is the greatest common factor of r and q?
1
Let p(h) = -h**3 + 8*h**2 - 6*h - 2. Let k be p(7). Let a be 2/(-5) - (-82)/k. Calculate the highest common divisor of 24 and a.
8
Suppose 0 + 30 = -5*c. Let n(f) = f**2 + 4*f - 4. Let p be n(c). Calculate the greatest common factor of p and 12.
4
Let u be 7 - 2 - (-195 - 8). What is the highest common factor of 16 and u?
16
Let y = -10 - -14. What is the greatest common divisor of y and 1?
1
Let w = -35 + 49. What is the greatest common divisor of 98 and w?
14
Let d be (-1)/2 + 217/2. Let j = -313 - -331. Calculate the highest common divisor of j and d.
18
Suppose 3*y + q = 3*q + 452, 0 = 4*y - q - 611. Let n be 0 - (-5)/(10/28). What is the greatest common divisor of y and n?
14
Let o be 0 - (2 - (2 - 2)). Let v be (-51)/(-6) + o/(-4). Calculate the highest common factor of 81 and v.
9
Suppose 3*j = x + 45, -4*j + 0*x = 4*x - 44. Let h = -3 + 2. Let t be (-25 - h)/(8/(-28)). What is the highest common divisor of t and j?
14
Suppose -5*x - 311 = v, 4*v = 2*x + v + 121. Let l = 158 + x. Let m be 2/(-7) + 86/7. What is the greatest common divisor of l and m?
12
Suppose -5*q - 4*f + 34 = -12, 4 = 4*q - 5*f. Calculate the greatest common divisor of q and 12.
6
Let s(f) = -f**3 - 3*f**2 + 4*f + 8. Let y be s(-4). What is the highest common divisor of y and 64?
8
Let l(x) = -x**2 + 9*x + 3. Let u be l(7). Let h(n) = 44*n**2 + 2*n - 2. Let o be h(-2). Calculate the highest common divisor of u and o.
17
Let o be (-2)/9 + (-164)/(-9). What is the highest common divisor of o and 2?
2
Let n be (3 - (-18)/(-8))*-4. Let u = n + 9. Calculate the greatest common divisor of u and 30.
6
Let q = 0 - -2. Suppose q*u = 3*u - 2*f - 52, -4*u = -5*f - 205. Suppose 15 + u = 4*l + t, 5*l - t - 70 = 0. Calculate the greatest common divisor of l and 165.
15
Let m be (1 + 1 + -21)*-2. What is the highest common divisor of m and 152?
38
Suppose v - 2*w = 4*v - 130, v - 5*w = 66. Calculate the highest common factor of v and 115.
23
Let z = 14 + -7. Let w be z/(3 + (-1 - 1)). What is the greatest common divisor of 21 and w?
7
Let s(z) = z**2 - 3*z - 6. Let c be s(5). Let k be ((-41)/2)/(1/(-4)). Let m be 10/25*(-2 + k). What is the greatest common factor of m and c?
4
Let l = 103 - 31. Suppose g - 110 = -4*g + 5*p, -4*p = 4*g - l. What is the greatest common factor of g and 5?
5
Let a = -1 + 0. Suppose 0 = -5*u + 2*u. Let d be 8 - u/(2 + a). What is the greatest common factor of d and 2?
2
Let a = -13 + 24. Let o = 16 + -5. What is the greatest common factor of o and a?
11
Let x = -425 + 255. Let p be (-4)/14 + x/(-7). Suppose 0 = -4*o + s + s + 70, 3*s = -5*o + 71. What is the highest common divisor of p and o?
8
Let p = 85 - 33. What is the highest common factor of p and 13?
13
Suppose 5*w - 38 = 67. Calculate the greatest common factor of w and 7.
7
Suppose -3*v + 27 = 5*p - 263, 4*p - 232 = v. Let s = p - 8. Calculate the highest common factor of s and 10.
10
Let p = 148 - 127. What is the highest common divisor of p and 231?
21
Suppose 2*c - 37 = 3*u + 2*u, -5*c + 55 = -5*u. Calculate the highest common factor of c and 18.
6
Suppose 5*h = -27 - 3. Let c be 4/(-6) + (-76)/h. Suppose -84 = -2*u - 4*x, -c = 3*x - 3. Calculate the highest common factor of 16 and u.
16
Suppose -4*c = 18 - 138. Let n(o) = -12*o - 3 + 2 + 2*o - o. Let r be n(-1). What is the greatest common factor of c and r?
10
Suppose q = -u + 20, -2*q - 60 = -5*q + u. What is the highest common factor of 5 and q?
5
Let q be ((-3)/(-6))/(3/216). What is the greatest common factor of 18 and q?
18
Suppose 7*y = 5*y + 56. Suppose -4*q = 3*x - 236 - 53, 5*x - 225 = -3*q. Calculate the highest common factor of y and q.
14
Let i = 18 - 11. Suppose 0 = -3*n + i*n - 328. Suppose 98 + n = 3*l. What is the greatest common factor of l and 12?
12
Let t be -2 + -5 - (-2 - -4). Let b = -3 - t. What is the highest common factor of b and 3?
3
Suppose -2*s = -3*s + 6. Let r be (s/9)/(2/51). Calculate the highest common divisor of r and 136.
17
Let l(a) = 10*a. Let k be l(2). Let y be (-9)/((-36)/8) + 2*1. Calculate the highest common factor of y and k.
4
Let v be 54/4*(-8)/(-6). Let r = v + -9. Let j be (1/(-3))/((-1)/18). Calculate the highest common divisor of r and j.
3
Let k(x) = -x**3 + x**2 - 2*x + 2. Let i be k(-2). Calculate the highest common divisor of 12 and i.
6
Let x(z) = -z**3 + 8*z**2 - 4*z - 6. Let k be x(7). What is the greatest common divisor of 3 and k?
3
Let j be 2/3 - 16/(-12). Let b be (16 + j)/(7 + -6). Calculate the highest common divisor of 9 and b.
9
Let n(y) = y**3 + 6*y**2 - 4*y - 8. Suppose -2*i + 1 = 13. Let a be n(i). Suppose -3*l = -8*l + 400. Calculate the greatest common factor of a and l.
16
Let q = -179 - -122. Let d = -41 - q. Calculate the greatest common divisor of d and 24.
8
Suppose -2*h + 4*h + 6 = 0. Let g = h + 11. Let t = g + -1. Calculate the greatest common factor of t and 77.
7
Suppose 3 = -4*v + 3*v, 4*z - 63 = 5*v. Suppose -z = -0*g - 2*g - 2*q, -2*g + 12 = -3*q. Calculate the greatest common factor of g and 18.
6
Let y = -4 + 67. Let r(u) = 6*u**2 - 5*u + 3. Let k be r(3). Calculate the greatest common divisor of y and k.
21
Let y be (4/((-38)/(-20) - 2))/(-1). What is the greatest common factor of 160 and y?
40
Suppose 2*c - 114 = -5*t + 15, -4*t - 2*c + 102 = 0. Calculate the highest common divisor of 135 and t.
27
Let a be 1/2*0/2. Let k be 1 + a - (-3 + 0). Let q(b) = b**2 + 3*b - 1. Let j be q(k). Calculate the highest common divisor of 9 and j.
9
Let p be (-3)/(-2)*(6 + 0). Let l = p - 5. Calculate the highest common factor of l and 36.
4
Let z be -1*((1 - 23) + -1 + 1). Calculate the greatest common divisor of 33 and z.
11
Let y be (12/(-20))/(1/(-5)). Suppose 4*m - 112 = -5*r + 104, y*r - 124 = -m. Calculate the highest common factor of 8 and r.
8
Suppose 8*t - 4*t = 36. Let q = t + -3. Calculate the highest common divisor of q and 24.
6
Suppose -2*f = 3*f - 25. Suppose 4*d = f + 3. Calculate the greatest common divisor of 6 and d.
2
Suppose -3*b + 5 = q, 4*b + 0 = -4*q + 4. Suppose -b*n + 360 = 2*n. Calculate the greatest common factor of 10 and n.
10
Suppose 18 = 2*w + w. Let n = -1 + w. Calculate the highest common factor of n and 15.
5
Suppose 5*d - 5*t - 155 = 0, 5*t - 9 = -5*d + 166. Suppose 96 = 3*q + d. What is the greatest common divisor of 168 and q?
21
Let t(x) = 27*x**2 - 3*x + 1. Let v be t(-3). Let o = v + -120. Calculate the highest common divisor of o and 19.
19
Let b be 2/(-2) + 2 - 4. Let d be 2 - -9 - b - 2. Let u = 215 + -107. What is the highest common divisor of u and d?
12
Suppose 3*m + m - 48 = 0. Calculate the highest common divisor of 18 and m.
6
Suppose 3*y + 9 = -0*y. Let n = 10 + y. Let p = n - -9. Calculate the highest common divisor of p and 16.
16
Let d(p) = p**3 - 9*p**2 - 3*p + 15. Let y be d(10). What is the greatest common factor of 34 and y?
17
Let r(b) = 5*b**2 - 2*b - 5. Let n be r(5). Let l = 10 - -1. Calculate the greatest common factor of l and n.
11
Suppose 0 = -5*w - 3*k + 685, -3*w + 295 = -w - 3*k. Suppose s - 204 = -m, 1028 = 5*m - s - 2*s. Let x = m - w. What is the greatest common divisor of 26 and x?
13
Suppose 3*c = -2*a + 8, 0 = 5*c + a - 3 - 1. Suppose 9 = 5*i + x - 3*x, -4*i + x + 6 = c. What is the greatest common factor of i and 2?
1
Let l(d) = 21*d**2 - d. Let g be l(1). What is the greatest common divisor of g and 160?
20
Suppose -2*s + 172 = -0*s + 3*r, -5*r + 93 = s. Let o = s + -41. What is the greatest common factor of 28 and o?
14
Let g(z) = 47*z**3 + z**2 - 1. Suppose 4*q - 2 + 7 = m, 2 = -2*m - 4*q. Let o be g(m). Suppose -2*x + 65 = -o. Calculate the highest common divisor of x and 7.
7
Suppose -4*r = -2*r. Let z be 138/(-15)*(-5 - r). What is the greatest common factor of z and 23?
23
Suppose -4*f - 310 = f. Let m be 1 - f - (-7 + 4). What is the greatest common divisor of 11 and m?
11
Suppose 0 = 173*h - 175*h + 184. What is the greatest common factor of h 